{"id":3712,"date":"2026-09-01T10:25:29","date_gmt":"2026-09-01T08:25:29","guid":{"rendered":"https:\/\/mumaps.ch\/?post_type=evenement&#038;p=3712"},"modified":"2026-09-01T10:25:41","modified_gmt":"2026-09-01T08:25:41","slug":"karneval-in-sainte-croix","status":"publish","type":"evenement","link":"https:\/\/mumaps.ch\/de\/evenement\/karneval-in-sainte-croix\/","title":{"rendered":"World Watch Day x Sainte-Croix"},"content":{"rendered":"\n<h2 class=\"wp-block-heading has-text-align-center\"><strong>Samstag, den 26. September 2026, von 14:00 bis 15:00 Uhr im <a href=\"https:\/\/www.cinemaroyal.ch\/\">Kino \u201eCin\u00e9ma Royal\u201c<\/a><\/strong><\/h2>\n\n<div style=\"height:100px\" aria-hidden=\"true\" class=\"wp-block-spacer\"><\/div>\n\n<h2 class=\"wp-block-heading has-text-color has-link-color wp-elements-047ba6b32434f0dc47290a6ee323df79\" style=\"color:#006dff\">World Watch Day<\/h2>\n\n<div style=\"height:30px\" aria-hidden=\"true\" class=\"wp-block-spacer\"><\/div>\n\n<p class=\"wp-block-paragraph\">Der World Watch Day ist eine internationale Initiative, die von einem Zusammenschluss aus Uhren-, Kultur- und Medieninstitutionen getragen wird. Dieser Tag wird jedes Jahr am 10. Oktober begangen \u2013 in Anlehnung an die symbolische Uhrzeit 10:10 Uhr, die auf den Zifferbl\u00e4ttern angezeigt wird \u2013 und w\u00fcrdigt die Uhrmacherkunst als lebendiges Kulturerbe an der Schnittstelle von Kunst, Wissenschaft, Geschichte und Kultur. Er vereint weltweit Institutionen und Liebhaber im Rahmen eines Programms aus Veranstaltungen und Inhalten, die darauf abzielen, die Uhrenkultur einem m\u00f6glichst breiten Publikum n\u00e4herzubringen.    <\/p>\n\n<p class=\"wp-block-paragraph\">Das Thema f\u00fcr das Jahr 2026 lautet: \u201e<strong><em>Die Zeit als lebendiges Kulturerbe<\/em><\/strong>\u201c<\/p>\n\n<div style=\"height:100px\" aria-hidden=\"true\" class=\"wp-block-spacer\"><\/div>\n\n<h2 class=\"wp-block-heading has-text-color has-link-color wp-elements-803c7975bed8967633813c200bb4094a\" style=\"color:#006dff\">MuMAPS x Mec-Art<\/h2>\n\n<div style=\"height:30px\" aria-hidden=\"true\" class=\"wp-block-spacer\"><\/div>\n\n<p class=\"wp-block-paragraph\">Mec-Art und das MuMAPS beteiligen sich am World Watch Day und veranstalten am 26. September 2026 im Cin\u00e9ma Royal eine internationale Podiumsdiskussion (auf Englisch). Diese Veranstaltung wird aufgezeichnet und steht ab dem 10. Oktober auch online zur Verf\u00fcgung.   <\/p>\n\n<p class=\"wp-block-paragraph\">Europa, die Vereinigten Staaten und Asien werden ihre Aufmerksamkeit dank namhafter G\u00e4ste auf Sainte-Croix richten:  <\/p>\n\n<div style=\"height:30px\" aria-hidden=\"true\" class=\"wp-block-spacer\"><\/div>\n\n<div class=\"wp-block-columns is-layout-flex wp-container-core-columns-is-layout-8f761849 wp-block-columns-is-layout-flex\">\n<div class=\"wp-block-column is-layout-flow wp-block-column-is-layout-flow\" style=\"flex-basis:100%\">\n<div class=\"wp-block-columns is-layout-flex wp-container-core-columns-is-layout-8f761849 wp-block-columns-is-layout-flex\">\n<div class=\"wp-block-column is-layout-flow wp-block-column-is-layout-flow\" style=\"flex-basis:100%\">\n<figure class=\"wp-block-table\"><table><tbody><tr><td><strong>Denis Flageollet<\/strong><\/td><td>Direktor des<a href=\"https:\/\/www.debethune.ch\/\"> Instituts f\u00fcr Kunstmechanik<\/a>, Gastgeber der Veranstaltung<\/td><\/tr><tr><td><strong>Pierre Maillard<\/strong><\/td><td>Chefredakteur von<a href=\"https:\/\/www.europastar.ch\/\">\u201eEuropa Star\u201c<\/a>, Moderator der Veranstaltung<\/td><\/tr><tr><td><strong>Su Jia Xian<\/strong><\/td><td>Journalist und Gr\u00fcnder von <a href=\"https:\/\/watchesbysjx.com\/\">SJX Watches<\/a>, Singapur<\/td><\/tr><tr><td><strong>Tim Mosso<\/strong><\/td><td>Uhrenkritiker und Gesch\u00e4ftsf\u00fchrer von <a href=\"https:\/\/www.the1916company.com\/?srsltid=AfmBOop17AnYa7RImlt87STPk6KDbBKZdpUMyXnpXHdrJRTnvWGumYyZ\">The 1916 Company<\/a>, Philadelphia<\/td><\/tr><tr><td><strong>Karine Alexandrian<\/strong><\/td><td>Sammlungsleiter am <a href=\"https:\/\/www.arts-et-metiers.net\/\">Mus\u00e9e des Arts et M\u00e9tiers in Paris<\/a>, Frankreich<\/td><\/tr><tr><td><strong>Vianney Halter<\/strong><\/td><td>Uhrmacher und Direktor der <a href=\"https:\/\/www.vianney-halter.com\/\">gleichnamigen Manufaktur<\/a> in Sainte-Croix<\/td><\/tr><tr><td><strong>Fran\u00e7ois Junod<\/strong><\/td><td>Automatiker und Gesch\u00e4ftsf\u00fchrer der <a href=\"https:\/\/www.francoisjunod.com\/\">gleichnamigen Fabrik<\/a> in Sainte-Croix<\/td><\/tr><\/tbody><\/table><\/figure>\n<\/div>\n<\/div>\n<\/div>\n<\/div>\n\n<div style=\"height:20px\" aria-hidden=\"true\" class=\"wp-block-spacer\"><\/div>\n\n<p class=\"wp-block-paragraph\">Ziel dieser Diskussion ist es, die Einzigartigkeit unserer Region hervorzuheben, in der auf engstem Raum das gesamte Know-how, das gesamte Wissen und alle Techniken im Zusammenhang mit der Uhrmacherkunst und der Kunstmechanik vereint sind.  <\/p>\n\n<p class=\"wp-block-paragraph\">Diese Praktiken, die zum immateriellen Kulturerbe der Menschheit geh\u00f6ren, stellen ein au\u00dfergew\u00f6hnliches Erbe dar, dessen Erhaltung, Weitergabe und Verbreitung heute zentrale Herausforderungen darstellen. Die zentrale Frage dieser Debatte lautet daher:<strong>\u201eWie viel Zeit bleibt uns noch, um dieses lebendige Erbe sicher zu bewahren?<\/strong>\u201c <\/p>\n\n<div style=\"height:100px\" aria-hidden=\"true\" class=\"wp-block-spacer\"><\/div>\n\n<div class=\"wp-block-cover is-light wp-duotone-unset-1\"><img fetchpriority=\"high\" decoding=\"async\" width=\"400\" height=\"250\" class=\"wp-block-cover__image-background wp-image-3722 size-full\" alt=\"\" src=\"https:\/\/mumaps.ch\/wp-content\/uploads\/2026\/09\/fema-2027-28-mec-art-400x250-1.jpg\" style=\"object-position:48% 0%\" data-object-fit=\"cover\" data-object-position=\"48% 0%\" srcset=\"https:\/\/mumaps.ch\/wp-content\/uploads\/2026\/09\/fema-2027-28-mec-art-400x250-1.jpg 400w, https:\/\/mumaps.ch\/wp-content\/uploads\/2026\/09\/fema-2027-28-mec-art-400x250-1-300x188.jpg 300w\" sizes=\"(max-width: 400px) 100vw, 400px\" \/><span aria-hidden=\"true\" class=\"wp-block-cover__background has-cyan-bluish-gray-background-color has-background-dim\"><\/span><div class=\"wp-block-cover__inner-container is-layout-constrained wp-block-cover-is-layout-constrained\">\n<p class=\"has-text-align-center has-large-font-size wp-block-paragraph\"><\/p>\n<\/div><\/div>\n","protected":false},"featured_media":3718,"template":"","genre":[24],"class_list":["post-3712","evenement","type-evenement","status-publish","has-post-thumbnail","hentry","genre-evenement"],"acf":[],"_links":{"self":[{"href":"https:\/\/mumaps.ch\/de\/wp-json\/wp\/v2\/evenement\/3712","targetHints":{"allow":["GET"]}}],"collection":[{"href":"https:\/\/mumaps.ch\/de\/wp-json\/wp\/v2\/evenement"}],"about":[{"href":"https:\/\/mumaps.ch\/de\/wp-json\/wp\/v2\/types\/evenement"}],"wp:featuredmedia":[{"embeddable":true,"href":"https:\/\/mumaps.ch\/de\/wp-json\/wp\/v2\/media\/3718"}],"wp:attachment":[{"href":"https:\/\/mumaps.ch\/de\/wp-json\/wp\/v2\/media?parent=3712"}],"wp:term":[{"taxonomy":"genre","embeddable":true,"href":"https:\/\/mumaps.ch\/de\/wp-json\/wp\/v2\/genre?post=3712"}],"curies":[{"name":"wp","href":"https:\/\/api.w.org\/{rel}","templated":true}]}}

<h2 class="wp-block-heading has-text-align-center"><strong>Samstag, den 26. September 2026, von 14:00 bis 15:00 Uhr im <a href="https://www.cinemaroyal.ch/">Kino „Cinéma Royal“</a></strong></h2>

<div style="height:100px" aria-hidden="true" class="wp-block-spacer"></div>

<h2 class="wp-block-heading has-text-color has-link-color wp-elements-047ba6b32434f0dc47290a6ee323df79" style="color:#006dff">World Watch Day</h2>

<div style="height:30px" aria-hidden="true" class="wp-block-spacer"></div>

<p class="wp-block-paragraph">Der World Watch Day ist eine internationale Initiative, die von einem Zusammenschluss aus Uhren-, Kultur- und Medieninstitutionen getragen wird. Dieser Tag wird jedes Jahr am 10. Oktober begangen – in Anlehnung an die symbolische Uhrzeit 10:10 Uhr, die auf den Zifferblättern angezeigt wird – und würdigt die Uhrmacherkunst als lebendiges Kulturerbe an der Schnittstelle von Kunst, Wissenschaft, Geschichte und Kultur. Er vereint weltweit Institutionen und Liebhaber im Rahmen eines Programms aus Veranstaltungen und Inhalten, die darauf abzielen, die Uhrenkultur einem möglichst breiten Publikum näherzubringen.    </p>

<p class="wp-block-paragraph">Das Thema für das Jahr 2026 lautet: „<strong><em>Die Zeit als lebendiges Kulturerbe</em></strong>“</p>

<div style="height:100px" aria-hidden="true" class="wp-block-spacer"></div>

<h2 class="wp-block-heading has-text-color has-link-color wp-elements-803c7975bed8967633813c200bb4094a" style="color:#006dff">MuMAPS x Mec-Art</h2>

<div style="height:30px" aria-hidden="true" class="wp-block-spacer"></div>

<p class="wp-block-paragraph">Mec-Art und das MuMAPS beteiligen sich am World Watch Day und veranstalten am 26. September 2026 im Cinéma Royal eine internationale Podiumsdiskussion (auf Englisch). Diese Veranstaltung wird aufgezeichnet und steht ab dem 10. Oktober auch online zur Verfügung.   </p>

<p class="wp-block-paragraph">Europa, die Vereinigten Staaten und Asien werden ihre Aufmerksamkeit dank namhafter Gäste auf Sainte-Croix richten:  </p>

<div style="height:30px" aria-hidden="true" class="wp-block-spacer"></div>

<div class="wp-block-columns is-layout-flex wp-container-core-columns-is-layout-8f761849 wp-block-columns-is-layout-flex">
<div class="wp-block-column is-layout-flow wp-block-column-is-layout-flow" style="flex-basis:100%">
<div class="wp-block-columns is-layout-flex wp-container-core-columns-is-layout-8f761849 wp-block-columns-is-layout-flex">
<div class="wp-block-column is-layout-flow wp-block-column-is-layout-flow" style="flex-basis:100%">
<figure class="wp-block-table"><table><tbody><tr><td><strong>Denis Flageollet</strong></td><td>Direktor des<a href="https://www.debethune.ch/"> Instituts für Kunstmechanik</a>, Gastgeber der Veranstaltung</td></tr><tr><td><strong>Pierre Maillard</strong></td><td>Chefredakteur von<a href="https://www.europastar.ch/">„Europa Star“</a>, Moderator der Veranstaltung</td></tr><tr><td><strong>Su Jia Xian</strong></td><td>Journalist und Gründer von <a href="https://watchesbysjx.com/">SJX Watches</a>, Singapur</td></tr><tr><td><strong>Tim Mosso</strong></td><td>Uhrenkritiker und Geschäftsführer von <a href="https://www.the1916company.com/?srsltid=AfmBOop17AnYa7RImlt87STPk6KDbBKZdpUMyXnpXHdrJRTnvWGumYyZ">The 1916 Company</a>, Philadelphia</td></tr><tr><td><strong>Karine Alexandrian</strong></td><td>Sammlungsleiter am <a href="https://www.arts-et-metiers.net/">Musée des Arts et Métiers in Paris</a>, Frankreich</td></tr><tr><td><strong>Vianney Halter</strong></td><td>Uhrmacher und Direktor der <a href="https://www.vianney-halter.com/">gleichnamigen Manufaktur</a> in Sainte-Croix</td></tr><tr><td><strong>François Junod</strong></td><td>Automatiker und Geschäftsführer der <a href="https://www.francoisjunod.com/">gleichnamigen Fabrik</a> in Sainte-Croix</td></tr></tbody></table></figure>
</div>
</div>
</div>
</div>

<div style="height:20px" aria-hidden="true" class="wp-block-spacer"></div>

<p class="wp-block-paragraph">Ziel dieser Diskussion ist es, die Einzigartigkeit unserer Region hervorzuheben, in der auf engstem Raum das gesamte Know-how, das gesamte Wissen und alle Techniken im Zusammenhang mit der Uhrmacherkunst und der Kunstmechanik vereint sind.  </p>

<p class="wp-block-paragraph">Diese Praktiken, die zum immateriellen Kulturerbe der Menschheit gehören, stellen ein außergewöhnliches Erbe dar, dessen Erhaltung, Weitergabe und Verbreitung heute zentrale Herausforderungen darstellen. Die zentrale Frage dieser Debatte lautet daher:<strong>„Wie viel Zeit bleibt uns noch, um dieses lebendige Erbe sicher zu bewahren?</strong>“ </p>

<div style="height:100px" aria-hidden="true" class="wp-block-spacer"></div>

<div class="wp-block-cover is-light wp-duotone-unset-1"><img fetchpriority="high" decoding="async" width="400" height="250" class="wp-block-cover__image-background wp-image-3722 size-full" alt="" src="https://mumaps.ch/wp-content/uploads/2026/09/fema-2027-28-mec-art-400x250-1.jpg" style="object-position:48% 0%" data-object-fit="cover" data-object-position="48% 0%" srcset="https://mumaps.ch/wp-content/uploads/2026/09/fema-2027-28-mec-art-400x250-1.jpg 400w, https://mumaps.ch/wp-content/uploads/2026/09/fema-2027-28-mec-art-400x250-1-300x188.jpg 300w" sizes="(max-width: 400px) 100vw, 400px" /><span aria-hidden="true" class="wp-block-cover__background has-cyan-bluish-gray-background-color has-background-dim"></span><div class="wp-block-cover__inner-container is-layout-constrained wp-block-cover-is-layout-constrained">
<p class="has-text-align-center has-large-font-size wp-block-paragraph"></p>
</div></div>
